der when 16223998 is divided by 650?
648
Calculate the remainder when 9198626 is divided by 574914.
2
Calculate the remainder when 126793 is divided by 4365.
208
Calculate the remainder when 5091165 is divided by 745.
580
Calculate the remainder when 3946392 is divided by 187923.
9
Calculate the remainder when 51647879 is divided by 1056.
1031
What is the remainder when 1107568 is divided by 18772?
20
What is the remainder when 5842293 is divided by 5842272?
21
What is the remainder when 2256918 is divided by 376151?
12
Calculate the remainder when 988012 is divided by 169.
38
Calculate the remainder when 255279 is divided by 671.
299
Calculate the remainder when 25637036 is divided by 12.
8
Calculate the remainder when 33732552 is divided by 286.
282
Calculate the remainder when 1490768 is divided by 339.
185
Calculate the remainder when 35480 is divided by 1176.
200
What is the remainder when 5221718 is divided by 53?
52
What is the remainder when 82257 is divided by 1058?
791
Calculate the remainder when 164052505 is divided by 321.
319
Calculate the remainder when 11296804 is divided by 164.
156
What is the remainder when 207396 is divided by 103483?
430
Calculate the remainder when 32563668 is divided by 2901.
2844
Calculate the remainder when 149172 is divided by 1214.
1064
What is the remainder when 5982284 is divided by 6837?
6746
Calculate the remainder when 1012663 is divided by 51.
7
What is the remainder when 30582913 is divided by 644?
641
Calculate the remainder when 800744 is divided by 1534.
1530
Calculate the remainder when 35342328 is divided by 139.
49
Calculate the remainder when 31182 is divided by 30896.
286
Calculate the remainder when 2352342 is divided by 4216.
4030
What is the remainder when 57084548 is divided by 84?
80
Calculate the remainder when 172628106 is divided by 7.
0
Calculate the remainder when 28451418 is divided by 1778212.
26
What is the remainder when 81733305 is divided by 17?
8
Calculate the remainder when 2516075 is divided by 838508.
551
What is the remainder when 39537 is divided by 4389?
36
What is the remainder when 10087 is divided by 10066?
21
What is the remainder when 880768 is divided by 314?
312
What is the remainder when 25920 is divided by 321?
240
What is the remainder when 1778459 is divided by 253995?
494
What is the remainder when 5207043 is divided by 26?
23
Calculate the remainder when 11183904 is divided by 6994.
498
What is the remainder when 1159440 is divided by 1117?
1111
Calculate the remainder when 1112982 is divided by 102.
60
Calculate the remainder when 106366 is divided by 11340.
4306
What is the remainder when 41722798 is divided by 764?
758
Calculate the remainder when 9775537 is divided by 40.
17
Calculate the remainder when 1216224 is divided by 41.
0
What is the remainder when 271242 is divided by 11790?
72
Calculate the remainder when 318964 is divided by 105.
79
Calculate the remainder when 6028390 is divided by 354611.
3
What is the remainder when 179854 is divided by 128?
14
What is the remainder when 454808 is divided by 9278?
186
What is the remainder when 114679490 is divided by 57339739?
12
What is the remainder when 413649 is divided by 3158?
3109
Calculate the remainder when 13912650 is divided by 13912650.
0
What is the remainder when 1604871 is divided by 46?
23
What is the remainder when 2597928 is divided by 5575?
5553
Calculate the remainder when 4951215 is divided by 16.
15
Calculate the remainder when 67914 is divided by 66369.
1545
What is the remainder when 3694170 is divided by 946?
40
What is the remainder when 2339285 is divided by 35?
25
What is the remainder when 10036 is divided by 834?
28
Calculate the remainder when 3683003 is divided by 34.
21
Calculate the remainder when 1169972 is divided by 1583.
135
What is the remainder when 2751277 is divided by 513?
58
What is the remainder when 299459 is divided by 2415?
2414
Calculate the remainder when 248506 is divided by 19115.
11
What is the remainder when 40612 is divided by 7562?
2802
What is the remainder when 33129924 is divided by 41?
38
Calculate the remainder when 1251489 is divided by 572.
525
Calculate the remainder when 654486 is divided by 1401.
219
What is the remainder when 9875037 is divided by 40?
37
Calculate the remainder when 31448936 is divided by 34.
24
What is the remainder when 1172484 is divided by 2018?
26
What is the remainder when 6866066 is divided by 429127?
34
Calculate the remainder when 770061 is divided by 45295.
46
Calculate the remainder when 5317210 is divided by 113.
108
What is the remainder when 1078763 is divided by 269688?
11
Calculate the remainder when 7939913 is divided by 3969933.
47
Calculate the remainder when 99933567 is divided by 33311183.
18
Calculate the remainder when 52037 is divided by 17313.
98
What is the remainder when 5070916 is divided by 63?
46
Calculate the remainder when 453326 is divided by 18130.
76
What is the remainder when 1829023 is divided by 633?
286
What is the remainder when 83736 is divided by 83224?
512
Calculate the remainder when 978242 is divided by 26412.
998
What is the remainder when 135028 is divided by 582?
4
Calculate the remainder when 9677578 is divided by 1420.
278
What is the remainder when 13301275 is divided by 113686?
13
Calculate the remainder when 46340937 is divided by 2106405.
27
What is the remainder when 11942507 is divided by 2853?
2702
Calculate the remainder when 814704 is divided by 203663.
52
Calculate the remainder when 1700404 is divided by 5783.
202
What is the remainder when 4441839 is divided by 888367?
4
What is the remainder when 6107010 is divided by 6106712?
298
What is the remainder when 14940 is divided by 14041?
899
Calculate the remainder when 7900726 is divided by 695.
661
Calculate the remainder when 1147439 is divided by 84.
83
Calculate the remainder when 51086 is divided by 50470.
616
What is the remainder when 313226 is divided by 104300?
326
Calculate the remainder when 37887601 is divided by 11.
4
Calculate the remainder when 175076 is divided by 12336.
2372
Calculate the remainder when 17646460 is divided by 103.
88
Calculate the remainder when 39032 is divided by 153.
17
Calculate the remainder when 310281359 is divided by 3144.
3143
Calculate the remainder when 4369313 is divided by 3208.
17
Calculate the remainder when 94037054 is divided by 151.
143
Calculate the remainder when 33146796 is divided by 4325.
4321
What is the remainder when 21104664 is divided by 335?
334
What is the remainder when 6862547 is divided by 1078?
1077
What is the remainder when 172959 is divided by 1191?
264
Calculate the remainder when 1116299 is divided by 50737.
85
Calculate the remainder when 4650258 is divided by 48.
18
What is the remainder when 7026 is divided by 1804?
1614
Calculate the remainder when 3238102 is divided by 1079297.
211
Calculate the remainder when 568104 is divided by 1574.
1464
Calculate the remainder when 176484 is divided by 1922.
1582
What is the remainder when 10476606 is divided by 16?
14
Calculate the remainder when 699631 is divided by 1.
0
What is the remainder when 632647 is divided by 10722?
49
What is the remainder when 5737087 is divided by 10?
7
Calculate the remainder when 57062 is divided by 1298.
1248
What is the remainder when 6696478 is divided by 16?
14
Calculate the remainder when 5477246 is divided by 1825699.
149
What is the remainder when 1206388 is divided by 100?
88
What is the remainder when 38984 is divided by 952?
904
Calculate the remainder when 1171837 is divided by 116.
5
What is the remainder when 123677 is divided by 61831?
15
Calculate the remainder when 1640111 is divided by 2133.
1967
Calculate the remainder when 10090153 is divided by 107342.
5
Calculate the remainder when 706177 is divided by 33593.
724
Calculate the remainder when 59454015 is divided by 8.
7
Calculate the remainder when 519407 is divided by 259700.
7
What is the remainder when 37691 is divided by 1568?
59
What is the remainder when 2337154 is divided by 1679?
1665
Calculate the remainder when 39033 is divided by 1356.
1065
What is the remainder when 1201406 is divided by 133487?
23
Calculate the remainder when 277280 is divided by 90751.
5027
Calculate the